{"id":64,"date":"2025-09-19T14:57:32","date_gmt":"2025-09-19T11:57:32","guid":{"rendered":"https:\/\/www.xn--pyhtnsaneeraus-8hba.fi\/pyhtaansaneeraus\/wordpress\/?page_id=64"},"modified":"2025-09-20T14:12:28","modified_gmt":"2025-09-20T11:12:28","slug":"yhteystiedot","status":"publish","type":"page","link":"https:\/\/www.xn--pyhtnsaneeraus-8hba.fi\/pyhtaansaneeraus\/wordpress\/?page_id=64","title":{"rendered":"Yhteystiedot"},"content":{"rendered":"\n<p>Pyht\u00e4\u00e4n saneeraus Oy<br>puh no: 0458645115<br>email: <a href=\"mailto:pyhtaansaneeraus@gmail.com\">pyhtaansaneeraus@gmail.com<\/a><br>www: <a href=\"https:\/\/www.xn--pyhtnsaneeraus-8hba.fi\/\">https:\/\/www.pyht\u00e4\u00e4nsaneeraus.fi\/<\/a><\/p>\n\n\n\n<p><\/p>\n","protected":false},"excerpt":{"rendered":"<p>Pyht\u00e4\u00e4n saneeraus Oypuh no: 0458645115email: pyhtaansaneeraus@gmail.comwww: https:\/\/www.pyht\u00e4\u00e4nsaneeraus.fi\/<\/p>\n","protected":false},"author":1,"featured_media":0,"parent":0,"menu_order":0,"comment_status":"closed","ping_status":"closed","template":"","meta":{"footnotes":""},"class_list":["post-64","page","type-page","status-publish","hentry"],"yoast_head":"<!-- This site is optimized with the Yoast SEO plugin v27.5 - https:\/\/yoast.com\/product\/yoast-seo-wordpress\/ -->\n<title>Yhteystiedot - Pyht\u00e4\u00e4n saneeraus<\/title>\n<meta name=\"robots\" content=\"index, follow, max-snippet:-1, max-image-preview:large, max-video-preview:-1\" \/>\n<link rel=\"canonical\" href=\"https:\/\/www.xn--pyhtnsaneeraus-8hba.fi\/pyhtaansaneeraus\/wordpress\/?page_id=64\" \/>\n<meta property=\"og:locale\" content=\"fi_FI\" \/>\n<meta property=\"og:type\" content=\"article\" \/>\n<meta property=\"og:title\" content=\"Yhteystiedot - Pyht\u00e4\u00e4n saneeraus\" \/>\n<meta property=\"og:description\" content=\"Pyht\u00e4\u00e4n saneeraus Oypuh no: 0458645115email: pyhtaansaneeraus@gmail.comwww: https:\/\/www.pyht\u00e4\u00e4nsaneeraus.fi\/\" \/>\n<meta property=\"og:url\" content=\"https:\/\/www.xn--pyhtnsaneeraus-8hba.fi\/pyhtaansaneeraus\/wordpress\/?page_id=64\" \/>\n<meta property=\"og:site_name\" content=\"Pyht\u00e4\u00e4n saneeraus\" \/>\n<meta property=\"article:modified_time\" content=\"2025-09-20T11:12:28+00:00\" \/>\n<meta name=\"twitter:card\" content=\"summary_large_image\" \/>\n<meta name=\"twitter:label1\" content=\"Arvioitu lukuaika\" \/>\n\t<meta name=\"twitter:data1\" content=\"1 minuutti\" \/>\n<script type=\"application\/ld+json\" class=\"yoast-schema-graph\">{\"@context\":\"https:\\\/\\\/schema.org\",\"@graph\":[{\"@type\":\"WebPage\",\"@id\":\"https:\\\/\\\/www.xn--pyhtnsaneeraus-8hba.fi\\\/pyhtaansaneeraus\\\/wordpress\\\/?page_id=64\",\"url\":\"https:\\\/\\\/www.xn--pyhtnsaneeraus-8hba.fi\\\/pyhtaansaneeraus\\\/wordpress\\\/?page_id=64\",\"name\":\"Yhteystiedot - Pyht\u00e4\u00e4n saneeraus\",\"isPartOf\":{\"@id\":\"https:\\\/\\\/www.xn--pyhtnsaneeraus-8hba.fi\\\/pyhtaansaneeraus\\\/wordpress\\\/#website\"},\"datePublished\":\"2025-09-19T11:57:32+00:00\",\"dateModified\":\"2025-09-20T11:12:28+00:00\",\"breadcrumb\":{\"@id\":\"https:\\\/\\\/www.xn--pyhtnsaneeraus-8hba.fi\\\/pyhtaansaneeraus\\\/wordpress\\\/?page_id=64#breadcrumb\"},\"inLanguage\":\"fi\",\"potentialAction\":[{\"@type\":\"ReadAction\",\"target\":[\"https:\\\/\\\/www.xn--pyhtnsaneeraus-8hba.fi\\\/pyhtaansaneeraus\\\/wordpress\\\/?page_id=64\"]}]},{\"@type\":\"BreadcrumbList\",\"@id\":\"https:\\\/\\\/www.xn--pyhtnsaneeraus-8hba.fi\\\/pyhtaansaneeraus\\\/wordpress\\\/?page_id=64#breadcrumb\",\"itemListElement\":[{\"@type\":\"ListItem\",\"position\":1,\"name\":\"Etusivu\",\"item\":\"https:\\\/\\\/www.xn--pyhtnsaneeraus-8hba.fi\\\/pyhtaansaneeraus\\\/wordpress\\\/\"},{\"@type\":\"ListItem\",\"position\":2,\"name\":\"Yhteystiedot\"}]},{\"@type\":\"WebSite\",\"@id\":\"https:\\\/\\\/www.xn--pyhtnsaneeraus-8hba.fi\\\/pyhtaansaneeraus\\\/wordpress\\\/#website\",\"url\":\"https:\\\/\\\/www.xn--pyhtnsaneeraus-8hba.fi\\\/pyhtaansaneeraus\\\/wordpress\\\/\",\"name\":\"Pyht\u00e4\u00e4n saneeraus\",\"description\":\"\",\"potentialAction\":[{\"@type\":\"SearchAction\",\"target\":{\"@type\":\"EntryPoint\",\"urlTemplate\":\"https:\\\/\\\/www.xn--pyhtnsaneeraus-8hba.fi\\\/pyhtaansaneeraus\\\/wordpress\\\/?s={search_term_string}\"},\"query-input\":{\"@type\":\"PropertyValueSpecification\",\"valueRequired\":true,\"valueName\":\"search_term_string\"}}],\"inLanguage\":\"fi\"}]}<\/script>\n<!-- \/ Yoast SEO plugin. -->","yoast_head_json":{"title":"Yhteystiedot - Pyht\u00e4\u00e4n saneeraus","robots":{"index":"index","follow":"follow","max-snippet":"max-snippet:-1","max-image-preview":"max-image-preview:large","max-video-preview":"max-video-preview:-1"},"canonical":"https:\/\/www.xn--pyhtnsaneeraus-8hba.fi\/pyhtaansaneeraus\/wordpress\/?page_id=64","og_locale":"fi_FI","og_type":"article","og_title":"Yhteystiedot - Pyht\u00e4\u00e4n saneeraus","og_description":"Pyht\u00e4\u00e4n saneeraus Oypuh no: 0458645115email: pyhtaansaneeraus@gmail.comwww: https:\/\/www.pyht\u00e4\u00e4nsaneeraus.fi\/","og_url":"https:\/\/www.xn--pyhtnsaneeraus-8hba.fi\/pyhtaansaneeraus\/wordpress\/?page_id=64","og_site_name":"Pyht\u00e4\u00e4n saneeraus","article_modified_time":"2025-09-20T11:12:28+00:00","twitter_card":"summary_large_image","twitter_misc":{"Arvioitu lukuaika":"1 minuutti"},"schema":{"@context":"https:\/\/schema.org","@graph":[{"@type":"WebPage","@id":"https:\/\/www.xn--pyhtnsaneeraus-8hba.fi\/pyhtaansaneeraus\/wordpress\/?page_id=64","url":"https:\/\/www.xn--pyhtnsaneeraus-8hba.fi\/pyhtaansaneeraus\/wordpress\/?page_id=64","name":"Yhteystiedot - Pyht\u00e4\u00e4n saneeraus","isPartOf":{"@id":"https:\/\/www.xn--pyhtnsaneeraus-8hba.fi\/pyhtaansaneeraus\/wordpress\/#website"},"datePublished":"2025-09-19T11:57:32+00:00","dateModified":"2025-09-20T11:12:28+00:00","breadcrumb":{"@id":"https:\/\/www.xn--pyhtnsaneeraus-8hba.fi\/pyhtaansaneeraus\/wordpress\/?page_id=64#breadcrumb"},"inLanguage":"fi","potentialAction":[{"@type":"ReadAction","target":["https:\/\/www.xn--pyhtnsaneeraus-8hba.fi\/pyhtaansaneeraus\/wordpress\/?page_id=64"]}]},{"@type":"BreadcrumbList","@id":"https:\/\/www.xn--pyhtnsaneeraus-8hba.fi\/pyhtaansaneeraus\/wordpress\/?page_id=64#breadcrumb","itemListElement":[{"@type":"ListItem","position":1,"name":"Etusivu","item":"https:\/\/www.xn--pyhtnsaneeraus-8hba.fi\/pyhtaansaneeraus\/wordpress\/"},{"@type":"ListItem","position":2,"name":"Yhteystiedot"}]},{"@type":"WebSite","@id":"https:\/\/www.xn--pyhtnsaneeraus-8hba.fi\/pyhtaansaneeraus\/wordpress\/#website","url":"https:\/\/www.xn--pyhtnsaneeraus-8hba.fi\/pyhtaansaneeraus\/wordpress\/","name":"Pyht\u00e4\u00e4n saneeraus","description":"","potentialAction":[{"@type":"SearchAction","target":{"@type":"EntryPoint","urlTemplate":"https:\/\/www.xn--pyhtnsaneeraus-8hba.fi\/pyhtaansaneeraus\/wordpress\/?s={search_term_string}"},"query-input":{"@type":"PropertyValueSpecification","valueRequired":true,"valueName":"search_term_string"}}],"inLanguage":"fi"}]}},"_links":{"self":[{"href":"https:\/\/www.xn--pyhtnsaneeraus-8hba.fi\/pyhtaansaneeraus\/wordpress\/index.php?rest_route=\/wp\/v2\/pages\/64","targetHints":{"allow":["GET"]}}],"collection":[{"href":"https:\/\/www.xn--pyhtnsaneeraus-8hba.fi\/pyhtaansaneeraus\/wordpress\/index.php?rest_route=\/wp\/v2\/pages"}],"about":[{"href":"https:\/\/www.xn--pyhtnsaneeraus-8hba.fi\/pyhtaansaneeraus\/wordpress\/index.php?rest_route=\/wp\/v2\/types\/page"}],"author":[{"embeddable":true,"href":"https:\/\/www.xn--pyhtnsaneeraus-8hba.fi\/pyhtaansaneeraus\/wordpress\/index.php?rest_route=\/wp\/v2\/users\/1"}],"replies":[{"embeddable":true,"href":"https:\/\/www.xn--pyhtnsaneeraus-8hba.fi\/pyhtaansaneeraus\/wordpress\/index.php?rest_route=%2Fwp%2Fv2%2Fcomments&post=64"}],"version-history":[{"count":4,"href":"https:\/\/www.xn--pyhtnsaneeraus-8hba.fi\/pyhtaansaneeraus\/wordpress\/index.php?rest_route=\/wp\/v2\/pages\/64\/revisions"}],"predecessor-version":[{"id":71,"href":"https:\/\/www.xn--pyhtnsaneeraus-8hba.fi\/pyhtaansaneeraus\/wordpress\/index.php?rest_route=\/wp\/v2\/pages\/64\/revisions\/71"}],"wp:attachment":[{"href":"https:\/\/www.xn--pyhtnsaneeraus-8hba.fi\/pyhtaansaneeraus\/wordpress\/index.php?rest_route=%2Fwp%2Fv2%2Fmedia&parent=64"}],"curies":[{"name":"wp","href":"https:\/\/api.w.org\/{rel}","templated":true}]}}